{"id":6,"date":"2023-06-18T20:03:03","date_gmt":"2023-06-18T20:03:03","guid":{"rendered":"https:\/\/home.familyradio-hosting.de\/?page_id=6"},"modified":"2024-07-28T22:52:40","modified_gmt":"2024-07-28T22:52:40","slug":"schoene-portfolios-fuer-aussergewoehnliche-kreative","status":"publish","type":"page","link":"https:\/\/home.familyradio-hosting.de\/","title":{"rendered":"Hallo und herzlich willkommen bei Autotransporter Berlin!"},"content":{"rendered":"\t\t<div data-elementor-type=\"wp-page\" data-elementor-id=\"6\" class=\"elementor elementor-6\">\n\t\t\t\t\t\t<section class=\"elementor-section elementor-top-section elementor-element elementor-element-5062473c elementor-section-boxed elementor-section-height-default elementor-section-height-default\" data-id=\"5062473c\" data-element_type=\"section\">\n\t\t\t\t\t\t<div class=\"elementor-container elementor-column-gap-default\">\n\t\t\t\t\t<div class=\"elementor-column elementor-col-100 elementor-top-column elementor-element elementor-element-5cfc914f\" data-id=\"5cfc914f\" data-element_type=\"column\">\n\t\t\t<div class=\"elementor-widget-wrap elementor-element-populated\">\n\t\t\t\t\t\t<div class=\"elementor-element elementor-element-e3cce6e elementor-widget elementor-widget-text-editor\" data-id=\"e3cce6e\" data-element_type=\"widget\" data-widget_type=\"text-editor.default\">\n\t\t\t\t<div class=\"elementor-widget-container\">\n\t\t\t<style>\/*! elementor - v3.23.0 - 25-07-2024 *\/\n.elementor-widget-text-editor.elementor-drop-cap-view-stacked .elementor-drop-cap{background-color:#69727d;color:#fff}.elementor-widget-text-editor.elementor-drop-cap-view-framed .elementor-drop-cap{color:#69727d;border:3px solid;background-color:transparent}.elementor-widget-text-editor:not(.elementor-drop-cap-view-default) .elementor-drop-cap{margin-top:8px}.elementor-widget-text-editor:not(.elementor-drop-cap-view-default) .elementor-drop-cap-letter{width:1em;height:1em}.elementor-widget-text-editor .elementor-drop-cap{float:left;text-align:center;line-height:1;font-size:50px}.elementor-widget-text-editor .elementor-drop-cap-letter{display:inline-block}<\/style>\t\t\t\t<!-- wp:media-text {\"mediaId\":33,\"mediaType\":\"image\",\"mediaWidth\":35} -->\n<div class=\"wp-block-media-text alignwide is-stacked-on-mobile\" style=\"grid-template-columns: 35% auto;\">\n<figure class=\"wp-block-media-text__media\"><img fetchpriority=\"high\" decoding=\"async\" width=\"960\" height=\"960\" class=\"wp-image-33 size-full aligncenter\" src=\"https:\/\/home.familyradio-hosting.de\/wp-content\/uploads\/2023\/06\/mathias-neumann-autotransporter-berlin-1.jpg\" alt=\"\" srcset=\"https:\/\/home.familyradio-hosting.de\/wp-content\/uploads\/2023\/06\/mathias-neumann-autotransporter-berlin-1.jpg 960w, https:\/\/home.familyradio-hosting.de\/wp-content\/uploads\/2023\/06\/mathias-neumann-autotransporter-berlin-1-300x300.jpg 300w, https:\/\/home.familyradio-hosting.de\/wp-content\/uploads\/2023\/06\/mathias-neumann-autotransporter-berlin-1-150x150.jpg 150w, https:\/\/home.familyradio-hosting.de\/wp-content\/uploads\/2023\/06\/mathias-neumann-autotransporter-berlin-1-768x768.jpg 768w\" sizes=\"(max-width: 960px) 100vw, 960px\" \/><\/figure>\n<div class=\"wp-block-media-text__content\"><!-- wp:paragraph -->\n<p><strong>Bei uns mietest du ganz einfach und sicher deinen Autotransporter oder Abschleppwagen zum superg\u00fcnstigen Preis.<\/strong><\/p>\n<!-- \/wp:paragraph --><!-- wp:paragraph -->\n<p>Unser Haupteinsatzgebiet ist Berlin und Brandenburg. Es lohnt sich aber auch bei uns zu buchen, wenn du aus einem anderen Bundesland kommst. Unseren Preisvorteil sp\u00fcrst du bundesweit.<\/p>\n<!-- \/wp:paragraph --><!-- wp:paragraph -->\n<p>Mein Name ist Mathias Neumann. Ich bin KFZ-Mechatroniker und Gr\u00fcnder von &#8218;Autotransporter Berlin&#8216;. Ich bin nicht nur dein Ansprechpartner, sondern sorge auch pers\u00f6nlich f\u00fcr die regelm\u00e4\u00dfige und professionelle Wartung unserer Fahrzeuge. Damit du mit uns immer komfortabel und sicher unterwegs bist!<\/p>\n<!-- \/wp:paragraph --><\/div>\n<\/div>\n<!-- \/wp:media-text -->\n<p>\u00a0<\/p>\n<!-- wp:spacer -->\n<div class=\"wp-block-spacer\" style=\"height: 100px;\" aria-hidden=\"true\">\u00a0<\/div>\n<!-- \/wp:spacer -->\n<p>\u00a0<\/p>\n<!-- wp:group {\"align\":\"full\",\"style\":{\"color\":{\"background\":\"#e5e9ec\"}}} -->\n<div class=\"wp-block-group alignfull has-background\" style=\"background-color: #e5e9ec;\"><!-- wp:group {\"align\":\"full\",\"style\":{\"color\":{\"background\":\"#e5e9ec\"}}} -->\n<div class=\"wp-block-group alignfull has-background\" style=\"background-color: #e5e9ec;\"><!-- wp:columns -->\n<div class=\"wp-block-columns\"><!-- wp:column {\"verticalAlignment\":\"center\"} -->\n<div class=\"wp-block-column is-vertically-aligned-center\"><!-- wp:heading -->\n<h2 class=\"wp-block-heading\">Was uns auszeichnet:<\/h2>\n<!-- \/wp:heading --><!-- wp:list -->\n<ul><!-- wp:list-item -->\n<li><strong>Ein Mann, ein Wort!<\/strong> Ein Fahrzeug, ein Preis! Bei uns gibt\u2019s keine Kilometeraufschl\u00e4ge. Du genie\u00dft immer volle Strecken-Flatrate. Spare dir also anderswo das Rechnen und erlebe bei uns, wie einfach und g\u00fcnstig es sein kann, einen Transporter zu mieten und zu fahren.<br \/><br \/><br \/><\/li>\n<!-- \/wp:list-item --><!-- wp:list-item -->\n<li><strong>Mit Sicherheit bis zum Ziel.<\/strong> Unsere Fahrzeuge lassen sich alle mit F\u00fchrerscheinklasse B fahren (also wie beim ganz normalen PKW bis 3,5 t) und eignen sich perfekt f\u00fcr den sicheren Transport von PKW, Motorr\u00e4dern, kleinen Bau- und Landwirtschaftsfahrzeugen und Oldtimern.<br \/><br \/><br \/><\/li>\n<!-- \/wp:list-item --><!-- wp:list-item -->\n<li><strong>Wir sind Fachmann!<\/strong> Jedes unserer Fahrzeuge wird regelm\u00e4\u00dfig professionell von uns selbst gewartet und besitzt den n\u00f6tigen Komfort f\u00fcr lange \u00dcberf\u00fchrungsfahrten.<br \/><br \/><br \/><\/li>\n<!-- \/wp:list-item --><!-- wp:list-item -->\n<li><strong>Zubeh\u00f6r inklusive.<\/strong> Stabile Spanngurte, optimales Befestigungsmaterial und komplette Einweisung in die Handhabung sind bei jeder Anmietung im Preis enthalten.<br \/><br \/><br \/><\/li>\n<!-- \/wp:list-item --><!-- wp:list-item -->\n<li><strong>Darf es noch etwas mehr sein?<\/strong> Wenn du nicht selber fahren kannst oder willst, dann buche einfach unseren bundesweiten Chauffeur-Service dazu. Dann holen wir dein Fahrzeug an der gew\u00fcnschten Adresse ab und \u00fcberf\u00fchren es f\u00fcr dich an seinen Bestimmungsort.<br \/><br \/><\/li>\n<!-- \/wp:list-item --><\/ul>\n<!-- \/wp:list --><!-- wp:paragraph -->\n<p>\u00a0<\/p>\n<!-- \/wp:paragraph --><\/div>\n<!-- \/wp:column --><\/div>\n<!-- \/wp:columns --><\/div>\n<!-- \/wp:group --><\/div>\n<!-- \/wp:group -->\t\t\t\t\t\t<\/div>\n\t\t\t\t<\/div>\n\t\t\t\t\t<\/div>\n\t\t<\/div>\n\t\t\t\t\t<\/div>\n\t\t<\/section>\n\t\t\t\t<\/div>\n\t\t","protected":false},"excerpt":{"rendered":"<p>Bei uns mietest du ganz einfach und sicher deinen Autotransporter oder Abschleppwagen zum superg\u00fcnstigen Preis. Unser Haupteinsatzgebiet ist Berlin und Brandenburg. Es lohnt sich aber auch bei uns zu buchen, wenn du aus einem anderen Bundesland kommst. Unseren Preisvorteil sp\u00fcrst du bundesweit. Mein Name ist Mathias Neumann. Ich bin KFZ-Mechatroniker und Gr\u00fcnder von &#8218;Autotransporter Berlin&#8216;. &hellip; <\/p>\n<p class=\"link-more\"><a href=\"https:\/\/home.familyradio-hosting.de\/\" class=\"more-link\">Mehr <span class=\"screen-reader-text\">\u00fcber &#8222;Hallo und herzlich willkommen bei Autotransporter Berlin!&#8220; <\/span>Lesen<\/a><\/p>\n","protected":false},"author":1,"featured_media":0,"parent":0,"menu_order":0,"comment_status":"closed","ping_status":"closed","template":"","meta":{"inspiro_hide_title":false,"footnotes":""},"class_list":["post-6","page","type-page","status-publish","hentry"],"_links":{"self":[{"href":"https:\/\/home.familyradio-hosting.de\/index.php?rest_route=\/wp\/v2\/pages\/6","targetHints":{"allow":["GET"]}}],"collection":[{"href":"https:\/\/home.familyradio-hosting.de\/index.php?rest_route=\/wp\/v2\/pages"}],"about":[{"href":"https:\/\/home.familyradio-hosting.de\/index.php?rest_route=\/wp\/v2\/types\/page"}],"author":[{"embeddable":true,"href":"https:\/\/home.familyradio-hosting.de\/index.php?rest_route=\/wp\/v2\/users\/1"}],"replies":[{"embeddable":true,"href":"https:\/\/home.familyradio-hosting.de\/index.php?rest_route=%2Fwp%2Fv2%2Fcomments&post=6"}],"version-history":[{"count":12,"href":"https:\/\/home.familyradio-hosting.de\/index.php?rest_route=\/wp\/v2\/pages\/6\/revisions"}],"predecessor-version":[{"id":87,"href":"https:\/\/home.familyradio-hosting.de\/index.php?rest_route=\/wp\/v2\/pages\/6\/revisions\/87"}],"wp:attachment":[{"href":"https:\/\/home.familyradio-hosting.de\/index.php?rest_route=%2Fwp%2Fv2%2Fmedia&parent=6"}],"curies":[{"name":"wp","href":"https:\/\/api.w.org\/{rel}","templated":true}]}}